5?
25
Calculate the highest common factor of 28474 and 138.
46
Calculate the highest common divisor of 23040 and 196560.
720
Calculate the highest common divisor of 11 and 648087.
11
Calculate the highest common factor of 1593950 and 150.
50
What is the highest common factor of 125 and 4565?
5
What is the highest common divisor of 13 and 1448317?
13
What is the greatest common divisor of 6235 and 1333?
43
What is the highest common divisor of 7704 and 306?
18
What is the highest common factor of 30 and 193340?
10
What is the highest common divisor of 872308 and 4?
4
Calculate the highest common divisor of 4 and 698.
2
Calculate the greatest common factor of 216 and 2232.
72
What is the greatest common divisor of 5894 and 40026?
14
Calculate the highest common divisor of 3956 and 73616.
172
What is the greatest common divisor of 1490 and 25?
5
What is the greatest common factor of 1076 and 4?
4
What is the greatest common divisor of 1182 and 5996286?
1182
Calculate the highest common divisor of 1964717 and 274.
137
Calculate the greatest common divisor of 3159 and 4041.
9
What is the greatest common factor of 14184 and 10047?
591
Calculate the greatest common factor of 475 and 11609.
19
What is the highest common divisor of 278 and 52959?
139
Calculate the greatest common divisor of 194960 and 460.
20
What is the greatest common factor of 261 and 4248?
9
What is the greatest common divisor of 12770 and 62573?
1277
Calculate the highest common factor of 285168 and 156.
156
Calculate the greatest common divisor of 24948 and 105.
21
Calculate the greatest common divisor of 62693 and 39735.
883
Calculate the highest common divisor of 3878 and 199440.
554
Calculate the highest common divisor of 21 and 90258.
21
Calculate the highest common factor of 44 and 45386.
22
Calculate the greatest common factor of 115 and 5437085.
115
What is the greatest common divisor of 15 and 19?
1
Calculate the greatest common divisor of 3684 and 96.
12
What is the highest common factor of 6545 and 275?
55
What is the highest common factor of 46069 and 23?
23
What is the highest common divisor of 180 and 148536?
36
What is the highest common factor of 102 and 332656?
34
Calculate the highest common divisor of 26 and 760968.
26
Calculate the highest common divisor of 6444 and 24.
12
What is the highest common factor of 12368811 and 21?
21
What is the highest common divisor of 1006474 and 4662?
518
What is the highest common factor of 614221 and 1349?
71
Calculate the greatest common divisor of 192 and 3480.
24
Calculate the highest common factor of 28925 and 100.
25
What is the highest common factor of 1045954 and 52?
26
Calculate the highest common factor of 116 and 30131.
29
What is the highest common divisor of 5709 and 66?
33
Calculate the greatest common divisor of 81 and 1206.
9
What is the highest common factor of 12 and 4712304?
12
Calculate the highest common factor of 29422116 and 1279.
1279
Calculate the highest common factor of 90255 and 2805.
165
What is the greatest common factor of 247 and 3601?
13
Calculate the highest common factor of 2318 and 21289.
61
What is the highest common divisor of 2940 and 4031916?
588
What is the greatest common divisor of 2720 and 152524?
68
What is the greatest common factor of 14 and 8822?
2
What is the greatest common factor of 98 and 21511?
49
What is the greatest common factor of 3104590 and 20?
10
What is the highest common factor of 132 and 5379?
33
What is the highest common divisor of 59680 and 1120?
160
Calculate the highest common factor of 46440 and 31347.
1161
Calculate the greatest common factor of 680 and 428060.
340
Calculate the highest common divisor of 326088 and 2016.
504
What is the highest common factor of 576418 and 14?
2
Calculate the highest common divisor of 305 and 30815.
5
What is the greatest common divisor of 525456 and 9348?
492
Calculate the highest common factor of 438729 and 513.
57
What is the highest common factor of 546 and 51177?
21
Calculate the highest common divisor of 2550 and 6528.
102
Calculate the greatest common divisor of 22 and 1256.
2
Calculate the highest common divisor of 5005 and 9328.
11
Calculate the greatest common divisor of 90 and 966600.
90
Calculate the highest common factor of 629 and 1244791.
629
What is the highest common divisor of 330 and 61820?
110
Calculate the greatest common factor of 568 and 913344.
568
Calculate the greatest common factor of 31116 and 60.
12
Calculate the highest common divisor of 564 and 918051.
141
Calculate the highest common divisor of 13816 and 2669.
157
What is the greatest common divisor of 28612 and 103252?
1244
What is the highest common divisor of 493 and 69629?
29
What is the greatest common divisor of 7050 and 799?
47
What is the highest common divisor of 182 and 25402?
26
What is the greatest common factor of 33108 and 21576?
372
What is the highest common divisor of 307197 and 27?
9
What is the greatest common divisor of 15120 and 3080?
280
Calculate the greatest common factor of 96 and 12288.
96
What is the greatest common divisor of 28 and 1086022?
14
What is the highest common divisor of 1477731 and 303?
303
Calculate the highest common divisor of 377532 and 900.
36
Calculate the highest common factor of 19 and 1565999.
19
Calculate the greatest common factor of 325 and 115400.
25
Calculate the highest common factor of 1256071 and 57.
19
Calculate the highest common factor of 15748 and 372.
124
What is the highest common factor of 109487 and 7?
7
Calculate the greatest common factor of 135282 and 30.
6
What is the greatest common factor of 89943 and 21?
21
What is the greatest common divisor of 342535 and 5?
5
What is the greatest common divisor of 22984 and 221?
221
What is the highest common divisor of 570 and 3030?
30
Calculate the greatest common factor of 7315 and 49210.
665
Calculate the greatest common divisor of 27 and 246627.
9
What is the greatest common divisor of 14 and 12591782?
14
Calculate the greatest common divisor of 56 and 4208.
8
What is the highest common divisor of 2185 and 6840?
95
What is the greatest common divisor of 18847 and 517?
47
What is the greatest common factor of 865 and 195?
5
What is the highest common divisor of 3233 and 183?
61
Calculate the highest common factor of 5353 and 3131.
101
What is the greatest common divisor of 339 and 19662?
339
What is the highest common divisor of 53748 and 72?
36
What is the greatest common factor of 43452 and 1136?
284
Calculate the highest common factor of 30831 and 3107.
239
Calculate the highest common factor of 1319552 and 1464.
488
Calculate the highest common divisor of 15651 and 222.
111
What is the highest common factor of 1362 and 230859?
681
Calculate the highest common factor of 52 and 23465.
13
What is the greatest common divisor of 58448 and 2444?
52
What is the highest common divisor of 1189539 and 2106?
351
Calculate the greatest common divisor of 14112 and 3087.
441
What is the greatest common divisor of 32136 and 4992?
312
What is the greatest common divisor of 5240 and 520?
40
Calculate the highest common factor of 253 and 10097.
23
Calculate the greatest common divisor of 18 and 1032426.
18
Calculate the highest common divisor of 740 and 4810.
370
Calculate the highest common divisor of 24 and 93012.
12
Calculate the greatest common factor of 108 and 12636.
108
Calculate the greatest common divisor of 4056 and 27096.
24
What is the highest common factor of 111807 and 202?
101
Calculate the greatest common factor of 1 and 42221.
1
What is the highest common factor of 837 and 233151?
93
What is the greatest common factor of 285 and 229575?
15
Calculate the greatest common factor of 700 and 155900.
100
What is the greatest common factor of 99682 and 4554?
506
Calculate the highest common factor of 224 and 2583.
7
What is the greatest common factor of 17 and 46444?
17
What is the greatest common divisor of 8078711 and 43?
43
What is the highest common factor of 159704 and 16?
8
What is the highest common factor of 192 and 16448?
64
Calculate the greatest common factor of 1143 and 25781.
127
Calculate the highest common divisor of 30472 and 293.
293
What is the greatest common divisor of 85045 and 3262?
233
Calculate the highest comm